d by 10?
7
Suppose 4*h = -4*l - 0*l + 180, -4*h + 186 = l. What is the remainder when 68 is divided by -3*(4 + h/(-3))?
33
Suppose 4*t + 5*z + 22 = 88, -3*t - 2*z = -46. Suppose 2*s - 7 = 4*k + 1, k = -s - 2. Suppose j - 24 + t = s. What is the remainder when 39 is divided by j?
9
Calculate the remainder when (-455)/(-2) + -9 + 19/2 is divided by 39.
33
Suppose 21*r = -20*r + 23575. Calculate the remainder when r is divided by 24.
23
Let b(r) = 2*r**2 - 12*r - 60. Calculate the remainder when 754 is divided by b(-4).
14
Let a = -2 + 7. Calculate the remainder when (-5)/(-2)*(-104)/(-52) is divided by a.
0
Let a(g) = -19*g - 76. Let n(p) = 28*p + 114. Let y(r) = -7*a(r) - 5*n(r). What is the remainder when y(-11) is divided by 7?
4
Let u = -210 - -428. What is the remainder when u is divided by 27?
2
Let k(n) = 4*n**2 - 2*n + 485. What is the remainder when k(0) is divided by 70?
65
Let j be (-2)/(-6)*3*19. Let v = 2 + j. Let b = 15 - 7. What is the remainder when v is divided by b?
5
Let p = -1437 + 1713. What is the remainder when p is divided by 31?
28
Suppose x = -0*x + 9. Calculate the remainder when x is divided by (-6)/(-4)*(4 + -2).
0
Let f = -4 + 3. What is the remainder when 17 + f/(6/12) is divided by 8?
7
Suppose -3*t + 66 = 3*s - 0*s, -2*t - 4 = 0. Let j = -22 + s. Calculate the remainder when j is divided by 2.
0
Let w(o) = o**2 - o + 8. Let f(b) = b**2 - 10*b + 21. Let g be f(8). Let a be w(g). Calculate the remainder when 61 is divided by ((-98)/a)/(2/(-12)).
19
Let x be 10/3 - 12/9. Suppose x*u + 1 = 45. Calculate the remainder when u is divided by 13.
9
Suppose -4*h = -2*z - 102, -105 = -3*h + z - 31. Calculate the remainder when (-4)/8*2*137*-1 is divided by h.
22
Let u(j) = -j**3 + 11*j**2 + 2*j - 14. Suppose 7*s + 2*h = 3*s + 4, -2*s + 2*h = -14. Suppose -s*m = 2 - 35. What is the remainder when u(m) is divided by 3?
2
Let c(p) = 2*p**2 - 5*p + 5. What is the remainder when 1*(-35)/(-5) + 142 + -1 is divided by c(5)?
28
Suppose 2*o = -2*o + 116. Let d = -948 - -958. What is the remainder when o is divided by d?
9
Suppose 552 + 570 = 3*o. What is the remainder when o is divided by 101?
71
Let s be 5/3 - -1*(-3)/(-9). Suppose -10*f + s = -28. Suppose 20 = 4*t + 4*r, t = 3*r - 6 - 1. Calculate the remainder when f is divided by t.
1
Suppose 3*s + 0 - 6 = 0. Let k = 5 - s. Suppose 5*u = 13 - k. Calculate the remainder when 2 is divided by u.
0
Let t(r) = 3*r + 12. Let i(z) = z - 8. Let j be i(12). What is the remainder when t(j) is divided by 9?
6
Let g be (-1 - -2)/((-1)/(-9)). Let w(y) be the third derivative of y**4/8 + 4*y**3/3 + 2*y**2 + 2. Calculate the remainder when 137 is divided by w(g).
32
Suppose 3*r - 145 = -4*v + 6*r, 0 = 3*v + 4*r - 115. Suppose 0 = u - 2*u + v. Calculate the remainder when u is divided by 10.
7
What is the remainder when 46 is divided by 2/8*78 - 9/18?
8
Suppose -156 = 11*a - 15*a - 4*h, 0 = -3*a - 5*h + 125. Calculate the remainder when 411 is divided by a.
26
What is the remainder when 38 is divided by 3/(1 + 5) - (-153)/6?
12
Calculate the remainder when 286 is divided by 6*876/144*2.
67
Suppose -5*g + 45 = 2*z, 2*z = -0*g - 3*g + 27. Let y = 7 - 3. Calculate the remainder when 14 is divided by (-6)/g*(-48)/y.
6
Suppose -20*l = -9*l - 352. What is the remainder when 39 is divided by l?
7
Calculate the remainder when 878 is divided by ((-1056)/(-40))/((-27)/(-90)).
86
Suppose -5*j + 3*c = -j - 1411, 4*c = -4*j + 1404. Let v = -240 + j. What is the remainder when v is divided by 29?
25
Let u(f) = f**3 - 5. Let z be u(0). Let n = z + 11. What is the remainder when 16 is divided by n?
4
Suppose 0 = i + 54 + 14. Let n = -56 - i. Calculate the remainder when 23 is divided by n.
11
Suppose 22*b - b = 231. Calculate the remainder when b is divided by 17/4 + 4/(-16).
3
Let r = -219 + 245. What is the remainder when 181 is divided by r?
25
Let g be 2/(-7) + (-12)/7. Let o(r) = r**3 + 14*r**2 - 9*r**2 - 3*r + 4*r. What is the remainder when 37 is divided by o(g)?
7
Let t(q) = 2*q**3 - 3*q**2 - 2*q + 4. Let h = 4 + 3. Calculate the remainder when t(3) is divided by h.
4
Calculate the remainder when 244 is divided by 3/(10*(-5)/(-200)).
4
Suppose 9*u - 12 = 3*u. Suppose u*n = 6*n - 128. What is the remainder when n is divided by 11?
10
Let a = 54 - 27. Let x = 35 - a. What is the remainder when 39 is divided by x?
7
Suppose -4*i = -3*u - 528, i - 2*u = -3*i + 524. What is the remainder when i is divided by 65?
64
Let y(g) = 2*g**2 - 21*g + 28. Calculate the remainder when 63 is divided by y(9).
0
Calculate the remainder when (2016/(-9))/(1/(-1)) is divided by 15.
14
Suppose -3*w + 5*n + 35 = -11, 4*n + 64 = 4*w. Suppose -4*h + 24 - 8 = 0. Let x = 2 + h. What is the remainder when w is divided by x?
5
Suppose 0 = 3*u - h - 19, -u = -h + 3*h - 11. Calculate the remainder when 37 is divided by u.
2
Suppose 5 = 4*a - 207. Suppose 0 = -2*k - 48 - 14. Let i = k - -59. Calculate the remainder when a is divided by i.
25
What is the remainder when 184 is divided by 20 - -1 - (-76 + 76)?
16
Let y(h) = 3*h - 10. Let l be y(4). Let r be (12 + -11)/(l/(-24)). What is the remainder when 60 is divided by r/(-8) - 78/(-4)?
18
Suppose x - 5 - 3 = 0. Suppose -8*i + 4 - 36 = 0. Let c = i + 27. What is the remainder when c is divided by x?
7
Let c = -93 - 32. Let f = c + 141. Calculate the remainder when 47 is divided by f.
15
Let w = -52 - -88. Let j = 73 - w. Calculate the remainder when 145 is divided by j.
34
What is the remainder when (8/(-2))/((-1)/10) is divided by 4752/342 - (-4)/38?
12
Let n(i) = 5*i**2 + 2*i + 5. Let c be n(-3). Suppose 4*t - 112 = c. Let p = t - 21. Calculate the remainder when 70 is divided by p.
16
Suppose 0 = 4*i + 4*i - 80. What is the remainder when 37 is divided by i?
7
Suppose 3*h - 1504 = 2*a, -h + 4*a + 136 = -382. What is the remainder when h is divided by 25?
23
Let a(z) = z**2 + 5*z - 10. Let m be a(-7). Suppose 2*v + 8 = m*d - 28, 4*v = 2*d - 12. Let l = 604 + -567. Calculate the remainder when l is divided by d.
7
Let j be (-18 + 19)*(0 + 2). Suppose -u = j*u - 12. What is the remainder when 4 is divided by u?
0
What is the remainder when 388 is divided by (-47)/(-3) + (-44)/66?
13
Let r = 262 - 207. What is the remainder when r is divided by ((-2)/6)/(1/(-57))?
17
Let z(n) = n**2 - 2*n - 14. What is the remainder when z(13) is divided by (-6 - 8/(-5))/((-2)/10)?
19
Let n be 12/(-20) - (-46)/10. Suppose -n*v + 175 = 11. Suppose -b - 84 = -4*t, 105 = -0*t + 5*t + 3*b. What is the remainder when v is divided by t?
20
Suppose -m - 64 = -3*w, -3*w + w + 61 = 3*m. What is the remainder when 54/(1 - ((-9)/6)/3) is divided by w?
13
Suppose -9*s - 5 = -10*s. Suppose 0 = -4*l, 255 = -s*v - 2*l - 75. Let t = 99 + v. Calculate the remainder when t is divided by 18.
15
Suppose 0 = q + 4*u - 19, -2*q + 3*u + 10 = -6. Calculate the remainder when 21 is divided by q.
10
Suppose m - 5 = -0*m + 4*a, 2*m + 1 = -3*a. Calculate the remainder when 24 is divided by m.
0
Suppose 20 = 2*g + g - 2*h, -3*g = h - 26. Suppose g*n - 20 = 4*n. Suppose -4*s - 1 = -3*p, 2*p - 8 = -n*s + 8. Calculate the remainder when 5 is divided by s.
1
Let x = 128 - 112. What is the remainder when 207 is divided by x?
15
Suppose 592 = 15*q + 187. Suppose 95 = q*w - 8*w. Suppose -6*p = -5*p - 13. What is the remainder when p is divided by w?
3
Suppose 96*q + 1457 = 8273. What is the remainder when q is divided by 46?
25
Let v(z) = z**3 + 15*z**2 + 31*z - 11. What is the remainder when v(-6) is divided by 39?
10
Let d(u) = u**3 - 11*u**2 - 7*u - 36. Let a be d(12). Suppose 4*s + 0*p - 79 = -p, 4*p + 41 = s. Let c = a - s. Calculate the remainder when 11 is divided by c.
2
Suppose b + l = -4*b + 279, 115 = 2*b - 3*l. What is the remainder when b is divided by (-191)/(-10) + 3/(-30)?
18
Let k = 1975 - 1956. What is the remainder when 39 is divided by k?
1
Suppose -9*a + 4*a = -170. Let b(f) = -f**2 + 5*f + 3. Calculate the remainder when a is divided by b(3).
7
Let s be (-1)/(-4) + 74/(-8). Let r(g) = -161*g**3 + 160*g**3 + 4*g**2 + 2 - 13*g**2. Calculate the remainder when 6 is divided by r(s).
0
Let b = -31 - -62. Suppose 19 = -3*r + b. Suppose -r*i + 80 = i. Calculate the remainder when 47 is divided by i.
15
Suppose -u + 7*